 39. Is j(10) composite?
True
Suppose 70820 = 25*o - 16455. Is o composite?
False
Suppose 4*y = 7*q - 10*q + 1688, 5*y + 4*q = 2111. Is y prime?
True
Let f(t) = -t**3 - 7*t**2 + 9*t + 17. Let i be f(-8). Let j(q) = 79*q + 2. Is j(i) prime?
False
Let y(x) = -2*x - 10. Let k be y(-7). Let t be (-6)/8*(k + -8). Suppose i + 3*d = 76, 74 = i + t*d + 2*d. Is i a prime number?
True
Is ((-25)/(-20))/(2/4184) a composite number?
True
Let t = -996 - -1733. Is t composite?
True
Let g = -1 - 77. Let l = 157 + g. Is l prime?
True
Suppose 0 = -3*r - 2*z - 46, r + 11 + 13 = -5*z. Let k be -1 + 1 + 40/1 + -5. Is (-2)/r - (-2270)/k a prime number?
False
Suppose 5*f - 3*f - 10 = 0. Suppose o + f*k + 2234 = 2*o, 5*o = k + 11146. Is o composite?
True
Let p(f) = 1322*f - 213. Is p(7) a composite number?
False
Is 1 + 24016 - (2 + 13 - 17) a composite number?
False
Suppose -5*c + 2*c = 5*z - 504, 5*z + 2*c - 501 = 0. Let m be 10778/18 + 22/z. Let p = m + -362. Is p a composite number?
True
Let h(c) = 3*c - 12. Let f be h(5). Suppose 0 = -f*v - 229 - 26. Let s = v + 230. Is s a composite number?
True
Let n be ((-3)/9)/(3/(-81)). Let k = 7 - n. Is k/(-1) + (-3 - -132) a prime number?
True
Let h be 1/(-1)*((3 - 439) + 3). Suppose -4*a + 3204 = 5*n, 2*a = 4*n - 2*n - 1296. Let b = n - h. Is b a composite number?
False
Suppose 21 = c + 5*i - 9, 36 = c - i. Is 1/5 - (-43918)/c a prime number?
False
Let s be (1151/2)/(1/2). Let r(c) = -17*c**3 - 11*c**2 - 17*c - 90. Let b be r(-8). Suppose -s = 5*k - b. Is k a prime number?
False
Is 2/((-510432)/(-2295972) + (-2)/9) a composite number?
True
Let c = 986 - 704. Let f(w) = -13*w**2 + 17. Let z be f(4). Let p = c + z. Is p prime?
False
Suppose 0*y - 40090 = -5*y. Let s be (-26)/91 + y/(-14). Is (s/(7 + -4))/(-1) a prime number?
True
Suppose -u + 10 = 4*z, z = 4*z - 3*u. Suppose z*t - 7907 + 2041 = 0. Is t prime?
False
Suppose -5*s + 12 = -s. Suppose -3*h + 13 = 28, -s*h + 65 = 4*d. Suppose d = 11*w - 9*w. Is w a composite number?
True
Let q(k) = k**3 - 12*k**2 - 14*k - 5. Let f(v) = v**3 - 10*v**2 + 10*v + 5. Let w be f(9). Is q(w) composite?
False
Let a(i) = -i**2 + 8*i - 11. Let f be a(5). Let s(n) = -n**3 + 3*n**2 + 4*n - 3. Let q be s(f). Is 8996/12 + 2/q prime?
False
Suppose 0 = b - 5*b. Suppose b = 5*s + 2*m - 7085, -2*m + m + 1420 = s. Is s a prime number?
False
Let h = -128 - -1381. Is h prime?
False
Is 59*(540/28 + 4/(-14)) composite?
True
Let j(b) = b**3 + 14*b**2 + 11*b - 14. Let r be j(-13). Suppose -3*p = f + 22, r = f - 4*f. Let c(v) = -v**3 - 2*v**2 - 9*v - 4. Is c(p) a composite number?
True
Suppose 0*t + 1 = g - t, -g + 3*t = -7. Is (-5196)/(-16) + g + (-1)/(-4) composite?
True
Suppose -147409 = -15*p - 22114. Is p prime?
True
Let s be 7/14*(-1 - 0 - -7). Suppose 3*t - 2406 = -3*j, -s - 12 = -5*t. Is j composite?
True
Suppose 0 = 2*p - 140 - 40. Let i = 132 + -88. Suppose p = 4*h - 5*k + 3*k, -2*k - i = -2*h. Is h composite?
False
Let f = -495 + 289. Let n be (-300)/6*f/4. Let i = n - 810. Is i a prime number?
False
Suppose -4*h = -5*k - 1639, -k - 5*h - 476 + 154 = 0. Let r be (3 - 2)*(-1 + 0). Is ((-1)/r)/((-3)/k) a prime number?
True
Let r = -2 - -2434. Suppose t - s = r, 2*t - 4419 = 4*s + 455. Is t a prime number?
False
Let r(p) be the third derivative of p**6/40 + p**5/20 - p**4/3 - 7*p**3/6 + 2*p**2 - 63*p. Let k be 15*(1/(-1))/(-3). Is r(k) prime?
False
Is (143604/(-6 + 18))/3 composite?
False
Suppose -5*l + 29091 - 6271 = 0. Suppose -5 + 0 = -f. Suppose -r - l = -f*r. Is r a composite number?
True
Suppose k - 2*n = 9307, 0 = -2*k - n - 3*n + 18606. Is k a prime number?
False
Let j(d) = -d**3 - 2*d**2 - d - 1. Let t(k) = k - 7. Suppose 0 = 5*m - 21 + 1. Let s be t(m). Is j(s) composite?
False
Let f(i) be the second derivative of -13*i**3/6 - 9*i**2/2 - 26*i. Is f(-7) a composite number?
True
Let n be 2/(-7) + (-1122)/(-7). Suppose -50*p + 45*p + 155 = 0. Let l = n - p. Is l composite?
True
Let w be 525/6 - (-5)/(-10). Let d = 214 - w. Is d a prime number?
True
Suppose -w = -2*w - 3*y + 21, -2*w + 2*y + 50 = 0. Is 1367/3*w/(-56)*-7 a composite number?
False
Let m = 1543 - 573. Suppose -2*q + 3*r = 2*q - 1298, 3*q = 4*r + m. Is q composite?
True
Let b be (-551)/(-114) + (-1)/(-6). Suppose -4*p = -b*x + 30, -3*x + p + p = -16. Suppose 5*u + 346 = x*r, -r - 2*r + 505 = -4*u. Is r a prime number?
True
Suppose 4*b + 2*i = -0*i + 42, 3*b = 2*i + 21. Suppose b*m - 38 = 2941. Is m prime?
True
Let f(z) = -z**3 - 3*z**2 + 4*z + 2. Let v be f(-7). Suppose 0 = 3*x - n - 0*n - v, 0 = x + 5*n - 46. Suppose 0 = -2*m + 2*y + x, -2*y = y - 9. Is m composite?
False
Suppose 3*i = 4*i - 16. Suppose -5*x = b + 5 + 11, -x + 3*b = i. Is 131 + (2 + -2)/x a composite number?
False
Suppose 3*v - 21 = -3. Let t = v - 13. Let l(i) = 6*i**2 + 7*i + 6. Is l(t) composite?
False
Let j(f) = -f - 11. Let s be j(-6). Is 3/s - (-2832)/20 composite?
True
Suppose 0 = -5*b + 1208 - 263. Let q = b - 91. Suppose 4*a = q + 746. Is a composite?
False
Suppose 0 = 2*w + 3*j + 512, 5*w = -2*j + j - 1293. Is -1*4 + 2 - (w + 4) a prime number?
False
Let k = 10 + 0. Let r(y) = -y**2 - 3 + 2*y**2 - y + 2. Is r(k) a prime number?
True
Suppose -2*m + 911 = 3*a - 644, 2050 = 4*a - 2*m. Suppose -4100 = -5*u - a. Is u a prime number?
False
Let c(g) = 59*g**2 + 8*g - 5. Let w = 32 - 28. Is c(w) a prime number?
True
Suppose 3*f - 4*g - 45490 = 0, -5*g + 10*g - 30342 = -2*f. Is f a prime number?
False
Let q be (-24)/(-18) - (-4)/6. Suppose -15 = -q*x - 11. Suppose x*i = 3*i - 91. Is i composite?
True
Let b(x) = 18*x**2 + 2. Let i be b(-1). Suppose -2*c + 1558 = -i. Is c a composite number?
True
Is 5605400/280 + 2/(-7) a composite number?
True
Suppose -5 = 2*z + p - 6*p, 0 = z + 4*p - 17. Suppose z*a - 2*a = 786. Is a a prime number?
False
Let a be -132 - (4 + 3 - 4). Let x = a + 974. Is x a composite number?
False
Let r(o) be the third derivative of 7*o**4/8 - 25*o**3/6 + 6*o**2. Is r(10) prime?
False
Let b = 41453 + -29470. Is b a prime number?
False
Suppose -4*v = 5*p - 80587, 4*v = -p - 44567 + 125174. Is v a prime number?
False
Let w(u) = 81*u - 1. Let p be w(-2). Let y = -25 + 24. Is -4 - 1 - y - p a composite number?
True
Is -4 + 6 + 37102 + 2 composite?
True
Let t(z) = -14*z - 25. Let s(n) = 9*n + 17. Let a(x) = 8*s(x) + 5*t(x). Let d be a(-5). Is -4*d + (-3204)/(-4) composite?
False
Suppose 0 = 3*i + 5*j - 10091, 6*j = -4*i + 7*j + 13447. Let b = i + -1891. Is b a prime number?
True
Suppose 8*k - k = 32249. Is k composite?
True
Let u = 189 - -2354. Is u a composite number?
False
Let a be 3/1 - (-3)/(-3). Suppose a*f = 5 + 1. Suppose -2*z + 5*s = -f*z + 55, 0 = -4*s. Is z prime?
False
Let w(s) = -13*s + 2. Let l be w(-2). Suppose 29*c - l*c = 1799. Suppose j = 2*y + 6*j - c, 3*j + 9 = 0. Is y a prime number?
True
Suppose 490*d = 476*d + 5978. Is d composite?
True
Suppose -2*y + 7204 = 2*y - 5*p, 0 = 4*y + 3*p - 7204. Is y a composite number?
False
Is (-13)/(91/(-63350)) - (-2)/(-2) a composite number?
False
Let u(f) = -4*f - 1. Let o(v) = -2*v**2 - 6*v - 2. Let r be o(-5). Let l be r/5 - 36/60. Is u(l) prime?
True
Suppose -808296 = -48*k + 668616. Is k a composite number?
True
Let r(g) = 2*g**3 - 31*g**2 - 46*g + 39. Is r(20) a composite number?
False
Let g(i) = 658*i - 5. Is g(6) composite?
False
Suppose -3*j + 2*n + 5163 + 383 = 0, -3*j = -4*n - 5542. Let d = j - 811. Is d a prime number?
True
Let j = -20 + 20. Suppose j = -0*c - 3*c - 2*n + 993, -c + 331 = -n. Is c a composite number?
False
Let n(y) = -833*y - 133. Is n(-24) composite?
True
Let z = 372 + 99. Suppose 0*k - z = -3*k. Is k composite?
False
Let u(n) = -4590*n + 31. Is u(-1) composite?
False
Let q(j) = j**2 - 4*j - 1. Let x be q(5). Suppose w - x*o = 15, -6*w - 2*o = -3*w - 17. Suppose -w = 4*n - 59. Is n a composite number?
False
Let u = -16038 + 23345. Is u a prime number?
True
Let t(b) = 13*b**3 + 3*b**2 - b + 1. Suppose 2*s = 5*s - 30. Suppose s = 3*j + 4. Is t(j) a prime number?
False
Suppose 4*q = -4*b + q - 34, 3*b = 3*q - 15. Let l be 1 - (2 + 2 + b). Suppose -4 = 2*c, 157 = -t + l*t + c. Is t prime?
True
Is 4*1 + 54147/(-5 - -8) a prime number?
False
Let d(x) = x - 30. Let h be d(21). Let y(j) be the first derivative of j**4/4 + 4*j**3 - 3*j**2/2 - 19*j + 6. Is y(h) prime?
T